 + 10, z = -2*z + 5*n - 5. Calculate y(z).
7
Let w(p) be the second derivative of p**4/8 + 2*p**3/3 + p**2 + 7*p. Let n(q) be the first derivative of w(q). What is n(-4)?
-8
Let s(m) be the third derivative of m**6/120 - m**5/12 + m**4/6 - m**3/2 + 32*m**2. Let w be (6/8)/(1/4). What is s(w)?
-9
Let f(n) = -n**3 + 5*n**2 + n - 6. Let b(g) = -g - 2. Let r be b(-8). What is f(r)?
-36
Let c(s) be the first derivative of -4*s**2 - 1 - 3*s - 1/3*s**3. Let b = -28 - -22. Give c(b).
9
Suppose -84 = 33*p - 54*p. Let t(d) = d**2 - 1. Give t(p).
15
Let r(g) be the first derivative of 3*g**2 - 2*g**3 - 7*g**2 - 6 + 4*g**2 + g. Give r(1).
-5
Let w(k) = k**3 - 5*k**2 + 4. Suppose 4*n = n + 60. Suppose -2*l - n = -3*q + 3*l, 4 = -4*l. Calculate w(q).
4
Let p(g) = g**2 + 4*g + 1. Let h be p(-4). Let f(k) = -3*k - 3. Let z(c) = 4*c + 4. Let w(q) = 3*f(q) + 2*z(q). What is w(h)?
-2
Let y(f) = -2*f**3 + 7*f**2 + 4*f + 2. Let c be y(4). Let i(r) = 9*r**c - 7*r + 5*r**2 + 4 - 13*r**2. Determine i(5).
-6
Let d(m) be the third derivative of -m**6/120 - m**5/60 - m**4/12 + 8*m**3/3 + 35*m**2 - 2*m. Calculate d(0).
16
Let g(z) = -z**2 + 2*z - 9. Let r(i) = 4*i**2 - 5*i + 29. Let x = -114 + 107. Let k(p) = x*g(p) - 2*r(p). Calculate k(-6).
-7
Let q(p) = 38 - 2*p**3 + p**2 + 40 - 77. Determine q(2).
-11
Let u(n) = 7*n**3 - 3*n - 6. Let a(j) = -30*j**3 + j**2 + 11*j + 25. Let h(z) = -2*a(z) - 9*u(z). What is h(-3)?
52
Let g(v) be the second derivative of v**3/6 - 3*v**2 - 40*v + 2. Calculate g(5).
-1
Let u(l) = 4*l**2 - l - 1. Suppose t = 2*a + 2, -t = a + 6 - 5. Give u(a).
4
Let i(k) = 5*k - 5. Let x be i(2). Let r(h) = -2*h**2 - 9*h - 1. Let u be 12*(1/3 - 0). Let g(n) = -3*n**2 - 10*n - 2. Let z(b) = u*r(b) - 3*g(b). Give z(x).
-3
Let m(k) be the third derivative of -k**4/6 + k**3 + 4*k**2 + 24*k. What is m(5)?
-14
Let w be (-14)/(98/35) - -2. Let r(o) = -o**3 + 2*o**2 + 3*o - 4. Give r(w).
32
Let d(t) = 4*t**3 + t**2 - 2*t - 1. Let n be (0 - 36/4)*(-50)/225. What is d(n)?
31
Let m(z) = -2*z + 15. Let x be 8/32 - (-35)/4. Calculate m(x).
-3
Suppose 3 + 12 = 5*f + 5*y, 0 = 2*f - 3*y + 9. Let l(k) = -k**2 - k + 3*k - 5*k + f + 5. Calculate l(-4).
1
Let k(y) = -8*y + 71. Let w be k(7). Suppose 5*c - 3*c - 34 = 0. Let v = w - c. Let j(p) = p**3 + 4*p**2 + 4*p + 2. Determine j(v).
2
Let v(a) be the first derivative of a + 1/4*a**4 + 3 - 1/3*a**3 - 1/2*a**2. Let n be v(1). Let t(c) = c**2 + 4. Calculate t(n).
4
Let l be 1 + (-27)/(-6) + (-1)/2. Let u(k) = -3*k**2 + 4*k + 2*k**2 - 3 + 3*k. Calculate u(l).
7
Suppose 4*z = 4*h - 8, z - 3*h = 4*z - 6. Let r(m) = 8*m**2 + 18*m + 1 - 19*m - 9*m**2. Give r(z).
1
Let o(x) = -7*x + 13. Let f = 3 + -3. Let k(t) = 3*t - 9 + 3 + f. Let i(w) = -9*k(w) - 4*o(w). Determine i(4).
6
Let q(p) = -p - 2. Let t be (0*(-2)/(4 + -2))/1. Suppose -3*y + 19 - 25 = t. Give q(y).
0
Suppose 5*y = -y + 12. Let b be (1 - y)*6 + 4. Let d(n) = 14*n - 2. Let s(h) = 7*h - 1. Let v(q) = 4*d(q) - 9*s(q). Determine v(b).
15
Let c(x) = -39*x**3 + 6*x**2 + 0 + 40*x**3 + 3 + 0*x - x. Determine c(-6).
9
Let x(l) be the second derivative of l**4/6 + 5*l**3/6 + 2*l**2 - 60*l. Determine x(-4).
16
Let y(v) be the first derivative of -v**2/2 - 6*v - 2. Let b(k) = k**2 - 7*k. Let x be b(7). What is y(x)?
-6
Let h(s) = 5 + 6*s + 0*s - 5*s. Calculate h(-8).
-3
Let m(n) be the third derivative of n**6/120 - n**5/10 + n**4/4 - n**3 - 12*n**2 + 4. What is m(5)?
-1
Let i(l) be the second derivative of l**8/6720 - l**6/720 - l**5/24 + 5*l**4/4 + 2*l. Let u(f) be the third derivative of i(f). Calculate u(0).
-5
Let l(y) = 6*y + 3 - 6*y - 5 + y**2 - 3. What is l(-5)?
20
Let q(v) be the third derivative of -v**5/60 + 5*v**4/24 + 5*v**3/6 + 53*v**2. Give q(5).
5
Let o(c) = 3*c**2 + 4*c + 3. Let f(g) be the third derivative of 0*g + 4*g**2 + 5/6*g**3 + 0 + 1/24*g**4. Let a be f(-7). Determine o(a).
7
Let g(y) = -y**2 + 6*y + 8. Let c(w) = 14*w**2 - 13*w**2 - 11*w - 3 + 3*w. Let b be c(9). Give g(b).
8
Let g(m) be the second derivative of -m**5/20 - m**4/2 - m**3 + m**2/2 + 2*m. Suppose -2*z + 2 = 0, 0 = 2*i + 2*i - 4*z + 44. Let w = i + 5. Give g(w).
6
Let d(s) = -s + 5. Suppose 2*l = -h + 5, 4*h - 5*l + 18 = 90. Suppose 0 = -h*k + 12*k + 5. Determine d(k).
0
Let k = 124 - 125. Let b(h) = 0 + 1 + h - 2*h**2 + 0*h. Give b(k).
-2
Let l(i) be the second derivative of -i**4/2 - i**3/3 - i**2/2 + 9*i + 3. Let f be 0 + 1 + (2 - 4). Give l(f).
-5
Suppose 4*q - 29 = 7. Let f(v) = -25 - v - v**2 - 5*v + q*v + 21. Determine f(5).
-14
Let y be -30*(84/(-99) + 14/77). Let q(r) = -r**2 + 20*r + 6. Calculate q(y).
6
Let d(x) = -2*x**2 - x. Let h(s) = -21*s**2 - 7*s - 4. Let o(z) = -6*d(z) + h(z). Calculate o(-2).
-38
Let k(c) = c - 5*c + 208 - 204 - 2*c**2. Determine k(3).
-26
Let q(s) be the first derivative of -s**4/4 + 4*s**3/3 + s**2 - 6*s - 201. Let m(u) = u**2 + 1. Let r be m(0). Let k = r - -3. What is q(k)?
2
Let j(h) = h + 8. Let l(o) = -2*o**2 + 7*o - 9. Let d = 18 - 15. Let x be l(d). What is j(x)?
2
Let i(z) = z**3 - z + 1. Let h(x) = -5*x**3 - 6*x**2 - x - 13. Let q(j) = -h(j) - 6*i(j). Calculate q(7).
7
Let u(z) = z**2 - 8*z + 6. Suppose 9 - 39 = -6*m. Suppose 4*f = 5*b - 18, m*b + 8 = -5*f + 53. What is u(b)?
-6
Let m(q) = -4*q**3 - 5*q**2 + 4*q + 1. Let o be m(1). Let x(w) = -w**3 - 3*w**2 + 6*w + 5. What is x(o)?
-3
Let g(j) = 9*j - 31. Let v(q) = 7*q - 29. Let w(f) = -5*g(f) + 6*v(f). Give w(-9).
8
Let j(y) = -y - 4. Let n be (-8)/16 + 22/4. Let a be -4*((-3)/(-4) - 2). Suppose -a*b = -b + n*t, b - t = 9. Give j(b).
-9
Let z = -43 - -22. Let l = z - -42. Let x be (-6 - 1)*(-6)/l. Let u(o) = 2*o**2 - 2*o. What is u(x)?
4
Let o(q) = 3*q**3 - 2*q**3 - 1496*q + 4 + 1495*q + 3*q**2. Let m be (-1)/((2/(-6))/(-1)). Calculate o(m).
7
Let x(p) = 2*p + 11884 + 15*p - 11782. Calculate x(-6).
0
Let r(x) = 7*x - 4. Let k be 28/8 - 144/32. Calculate r(k).
-11
Let w(y) = -2*y**2 - 7*y - 5. Suppose -4 = m - 32. Let d = m + -32. Calculate w(d).
-9
Suppose 11*i - 1852 + 543 = 0. Let m = -120 + i. Let y(n) = 9*n**2 - 2*n - 1. Determine y(m).
10
Let c(m) = 1 + 49*m**2 - 44*m**2 + 0*m**3 + 0*m**3 + m**3 + 3*m. Suppose 0*a + 3*a = 2*d + 18, d + 2*a = 5. Give c(d).
10
Let s(h) = 1 - 5*h + h**2 - h**2 + 3*h**2 - 4*h**2. Let f be 6/(-18) - (-1)/3. Suppose f*c - 9 = 3*c. Calculate s(c).
7
Suppose 0 = 2*c - 10, 2*c = y - 1 + 18. Let g(b) = -b**2 - 6*b + 10. Let q be g(y). Let v(j) = -4*j + 5*j**2 - j**q + 2*j + j + 3 - j. Determine v(5).
-7
Let i = -2 - -4. Let m = -212 + 214. Let b(h) = -9 - h**2 + 14*h - h**m - 6*h + h**i. Determine b(6).
3
Suppose -2*o = -3*t - 11, -4 = o - 5. Let s(w) = -9*w**3 - 6*w**2 - 11*w - 6. Let a(x) = 5*x**3 + 3*x**2 + 6*x + 3. Let r(z) = 7*a(z) + 4*s(z). Determine r(t).
3
Let f(i) be the first derivative of i**7/840 - i**6/120 - i**5/30 + i**4/4 - 5*i**3/3 + 12. Let t(s) be the third derivative of f(s). Determine t(4).
6
Let q(w) = w**2 + 12*w - 5. Let p be 1 + (52*1)/(-4). Let r be q(p). Let y(g) be the third derivative of -g**5/60 - g**4/6 + g**3 + 3*g**2. Calculate y(r).
1
Let q = -4 - -8. Suppose 3*p = q*p. Let z(c) be the third derivative of c**5/60 - c**4/24 - c**3/6 + 10*c**2. Give z(p).
-1
Let y(m) = -5*m + 2. Let s be (-1 - -3)*((-10)/(-4) - 2). What is y(s)?
-3
Let n = -447 - -452. Let g(o) = o - 11. Calculate g(n).
-6
Let a(r) = -5*r**2 + 3*r - 4. Let c(u) = -11*u**2 + 5*u - 7. Suppose t + t - 6 = 0. Let j(q) = t*c(q) - 5*a(q). Determine j(-1).
-9
Let f be -6*(7/2 - 4). Suppose n = 5*i + 6, -n + 8*i - 4*i + f = 0. Let x(p) = -p - 4. Give x(n).
5
Let m be (-18)/(-6) - (1 + 0). Let j(c) = 3*c - 3*c + c**3 - 3*c**m + 4*c**2 - c - 5. Determine j(0).
-5
Let l(x) = -8*x + 1. Suppose -11*o - 6 = -13*o. Let s be 1/(6/o)*2. Give l(s).
-7
Let k(h) be the first derivative of h**3/3 + h**2/2 + 11*h + 2. Suppose -7*p = -9*p + 8. Suppose 2*v + 6 = -3*s, -6 = -s - p*v - 18. Give k(s).
11
Let g(p) = p**2 - 6*p + 9. Suppose 0 = -3*r - 5*u + 32, -7*r + 3*r + u = -12. Suppose -4*l = -5*n, -3*l - 2*l = r*n - 41. Suppose l*w - 31 = -1. What is g(w)?
9
Suppose 775*r - 40 = 780*r. Let a(y) = y**2 + 7*y - 18. Calculate a(r).
-10
Let l = 1 + -4. Let s(d) be the second derivative of -d**4/12 - d**3/2 - 81*d. Determine s(l).
0
Let m(j) be the third derivative of j**5/60 + j**4/3 - 2*j*